7 = -5*i, -3*g + 4*i + u = -g. Let j(q) = -482*q**2 + g*q**2 + 6*q**3. Calculate j(1).
6
Let l(a) = 47*a - 376. Let k be l(8). Let m(q) be the second derivative of 0*q**3 + 1/20*q**5 + 8*q - 1/12*q**4 + 1/2*q**2 + k. Give m(0).
1
Let h(m) = -132 + 6*m - 3*m**3 + 36 - m**2 + 52 + m**3 + 51. Calculate h(-2).
7
Let i(y) = 7*y + 10. Suppose 0 = 5*t + 3*j - 2, -3*j = -t - 370 + 356. Determine i(t).
-4
Let v(o) = -11*o + 61. Let z = -4415 - -4421. What is v(z)?
-5
Let l(k) = k - 6. Let f be l(3). Let n(o) = -2*o**3 + 6*o**2 - o + 5. Let i(u) = 22*u**3 - 61*u**2 + 11*u - 53. Let c(r) = 2*i(r) + 21*n(r). Give c(f).
-22
Let z(s) = -s**3 - s**2 - 2*s - 1. Let m(h) = -2*h**3 - 7*h**2 - 11*h - 8. Let f(b) = m(b) - 3*z(b). Give f(5).
-5
Let w(b) be the third derivative of 0 + 1/3*b**4 + 0*b**3 - 43*b - 2*b**2 - 1/60*b**5. Determine w(7).
7
Suppose l = -4*n - 79, -5*n - 97 = 10*l - 9*l. Let y(a) = a**3 + 17*a**2 - 21*a - 55. Determine y(n).
-1
Let i(c) = c**2 - 78. Let g = -5513 - -5505. Calculate i(g).
-14
Let y(m) = -m**2 + 3177380 - 3177380. Determine y(1).
-1
Let j(t) = -t + 1. Let k = -81 - -117. Let s = k + -36. Suppose 5*h + s*v - 31 = -v, -h - 13 = 5*v. Calculate j(h).
-6
Let o(g) = -g. Suppose t = -4*r + 10, r - 1 = 4*t - 7. Suppose -k - 2*k - 5*u = 28, k - 2*u = -t. Determine o(k).
6
Let b(x) = -5*x**2 + x - 1. Let n(a) = a**3 - 3*a**2 - 2*a - 5. Let s be (-4)/10 - 189/(-35). Let d be n(s). Let y = -34 + d. Give b(y).
-5
Let z(x) be the first derivative of 0*x - 1/3*x**3 + x**4 - 1 - 1/2*x**2. Suppose -4*h - 2 = 2. Give z(h).
-4
Suppose -89 + 792 = 19*w. Suppose -6*q - w = 5. Let v(y) = y**3 + 7*y**2 - 2*y - 8. What is v(q)?
6
Let m(i) be the second derivative of -i**3/3 - i**2/2 + 10*i - 39. Give m(3).
-7
Let u(h) = 345*h + 348. Let b be u(-1). Let a(d) = -d**2 + 11*d - 15. Calculate a(b).
9
Suppose -5*d = g + 2*g - 10, g - 9 = 4*d. Suppose -c - 10 = -r, 0 = -g*c - 6 - 4. Let i(w) = -8*w + w**2 + r - w**3 - 7 + 6*w. Calculate i(2).
-7
Let g(q) = -2*q**3 - 28*q**2 - q + 32. Let w(z) = 10*z**3 + 124*z**2 + 6*z - 160. Let d(n) = -11*g(n) - 2*w(n). Determine d(-30).
-2
Suppose -88 = 3*h - 70. Let j(g) be the second derivative of g**4/12 + 2*g**3/3 + 5*g**2/2 + 5*g - 1. Determine j(h).
17
Let q(r) = -1 - r + 5 - 5*r. Suppose -61 = 5*k + 3975*z - 3977*z, 3*k + 35 = z. Calculate q(k).
58
Let f(x) = -13*x - 12*x - 22*x - 5 + 50*x. Give f(-5).
-20
Suppose 3*z + 41 = -392*r + 396*r, -4*r + 34 = -2*z. Let w(a) = -2*a**2 - 14*a - 1. Calculate w(z).
-1
Suppose 4*n + 11*n - 3465 = 0. Let a = 238 - n. Let h(f) = -f**3 + 7*f**2 + 3*f - 7. Determine h(a).
14
Let q(g) = g**2 - 9*g + 9. Let h(j) = -2*j**2 + 3*j - 7. Let y be (-11)/(-22)*(4 - 0). Let f be h(y). Let z(i) = i**2 + 7*i - 11. Let u be z(f). Give q(u).
-5
Let n = 1 + 1. Suppose -4 = y + n*c - 4*c, -y - 13 = -5*c. Let p(v) = -3*v - 2. Let z(o) = -2*o - 2. Let j(q) = -3*p(q) + 4*z(q). Determine j(y).
0
Suppose 0 = 1895*f - 1921*f - 52. Let a(j) = 9*j**3 + 3*j**2 + 2*j - 2. Determine a(f).
-66
Let g(b) = -10*b + 3. Let l(r) = 10*r - 4. Let j(x) = -5*g(x) - 4*l(x). Let d = -114 - -113. Let u be j(d). Let z(c) = c**2 + 9*c - 6. Give z(u).
-6
Suppose -8*i = -13*i + 340. Let y = 70 - i. Suppose a - 4 = 3*d, 0*d - y = 2*d. Let j(n) = -2*n**2 - 1. Determine j(a).
-3
Let j(h) = 3*h**2 + 104*h - 392. Let a(l) = l**2 + 28*l - 131. Let u(v) = 7*a(v) - 2*j(v). Determine u(19).
0
Let x be 12 + 6*7/(-6). Let k(z) = z**3 - 11*z**2 + 32*z - 10. What is k(x)?
0
Let s(v) = v**3 + 4975*v**2 - 14920*v**2 + 4976*v**2 + 4975*v**2 + 3. Give s(-6).
3
Let u(p) = 10*p - 9. Let x be u(2). Suppose 0 = 2*k, x*k - 13*k - 12 = z. Let w(n) = -n**3 - 12*n**2 - 3*n - 17. Give w(z).
19
Suppose 297*w - 1009 - 61 = 118. Let q(k) be the first derivative of 3*k**2/2 - 5*k + 2. Determine q(w).
7
Let i be 1*((-4 - -11) + 377). Let u = i + -382. Let s(b) = -b**3 - b. Determine s(u).
-10
Let b(o) = -13*o**3 + 15*o**2 - 12*o - 30. Let g(s) = -11*s**3 + 12*s**2 - 10*s - 27. Let v(q) = 6*b(q) - 7*g(q). What is v(6)?
-3
Let y = 14 - 6. Let g(d) = 6 - 3 - 5*d - d**2 - 5*d - y. Let a be 3 - (10 - (-1 - (0 - 0))). Give g(a).
11
Let i(m) be the second derivative of m**4/12 + 5*m**3/2 + 14*m**2 + 9*m - 32. Determine i(-14).
14
Let i = 21 - 17. Suppose -2*f - i = -10. Let q(t) = -6 - 99*t + 42*t + 58*t. Give q(f).
-3
Let c(k) be the third derivative of k**6/120 + k**5/12 + k**4/6 + 17*k**3/6 - 2*k**2 - 1455*k. What is c(-5)?
-3
Let s(c) = 10*c + 123. Suppose -186 + 165 - 399 = 28*o. What is s(o)?
-27
Let h(u) be the second derivative of u**8/960 - u**7/2520 + u**6/720 + 25*u**4/2 + 19*u. Let m(j) be the third derivative of h(j). What is m(1)?
7
Let j(r) = -11*r**3 + r**2 - r + 1. Suppose 10*p = 51 - 11. Let c be 272/72 + p/18. Suppose b - 1 = -0*b - c*a, -a - 3 = -3*b. Calculate j(b).
-10
Let d be 20/8*(-28)/(-10). Let q(a) = 82 - 4*a - 47 - 45 + 5. Calculate q(d).
-33
Let j be (-2)/(-3) + 21/(252/16). Suppose 4*s + 3*l = 18, 2 + 14 = 4*s + 2*l. Let i(p) = -4*p**s + p**2 + 3*p**2 - 2 + 11*p - 12*p. Calculate i(j).
-20
Let i(w) be the second derivative of -w**8/6720 - w**7/630 + w**6/720 + w**5/40 - 11*w**4/3 + 86*w. Let t(a) be the third derivative of i(a). What is t(-3)?
-9
Let d(b) = -b**3 - 47847*b - 475 - 9*b**2 + 47838*b + 471. Determine d(-6).
-58
Let b(o) = 2*o**3 + 4*o**2 + 2*o + 4. Let i = -15741 - -15738. What is b(i)?
-20
Let v(i) = 2*i**2 - 19*i - 14. Suppose 0 = -27*j + 25*j + 2*r + 22, 0 = 2*j - 3*r - 23. Give v(j).
-4
Let o(w) = -w**2 + 38*w - 351. Let h be (-16)/(209/(-11) + 18). Give o(h).
1
Let b(m) be the first derivative of m**4/12 + m**3/3 - 3*m**2/2 + 38*m - 5. Let w(v) be the first derivative of b(v). Calculate w(2).
5
Let a(b) be the third derivative of -b**7/2520 - b**6/120 - b**5/20 + b**4/24 - 7*b**3/3 + 14*b**2. Let j(z) be the second derivative of a(z). Give j(-4).
2
Let q be (-5)/((-40)/18) - ((-182)/56)/(-13). Let g(r) = -4*r**3 - 3*r**2 + 4*r - 2. Determine g(q).
-38
Let q(v) = 11*v + 2*v**2 - 18*v - 60 + 9*v + 8*v + 53. Calculate q(-6).
5
Let s(d) = 2*d**3 + d - 1. Let l be s(1). Let n(q) = 4*q**2 + 5*q**2 + 3 + 3*q - 12*q**l + 2*q**2. Calculate n(3).
3
Let r(a) be the first derivative of -a**2 + a + 1. Let d = -149 - -153. Suppose -5*y + 2*j + 12 = -0*y, 5*y - 4 = d*j. Give r(y).
-7
Let m(y) = -y**3 - 5*y**2 - y + 4. Let w(p) = 6*p**2 - 6*p + 5. Let n be w(1). Let d be (n - (-72)/(-15)) + 32/(-10). Calculate m(d).
-11
Let y(v) = 2*v - 12. Let u(t) = 6*t - 35. Let s(i) = -6*u(i) + 17*y(i). Let z(l) = -3*l - 4. Let r be z(-1). Let k be (1 - r)/((-4)/(-10)). Determine s(k).
-4
Let f(q) = 0*q + 99 - 192 + 4*q + 0*q + 87. Determine f(-3).
-18
Let y be (2/(-6))/(142/(-1278))*-5. Let q(b) = b**2 + 5*b - 81. Give q(y).
69
Let h(l) = -l**2 - 38*l + 39. Let a be h(1). Let g(w) = -1. Let f(o) = o - 16. Let i(j) = f(j) - 2*g(j). What is i(a)?
-14
Let t(v) = 2*v**2 - 6*v - 7. Suppose 4*l - 77 = -5*n, -5*l + 0*l = -n - 89. Suppose -2*b = b + l. Let d be (-6)/(-18) + (-28)/b. Determine t(d).
13
Let b(r) = -15*r**2 - 11*r - 9. Let q(s) = -17*s**2 - 14*s - 7. Let c(o) = 8*b(o) - 7*q(o). Give c(7).
-2
Let n(f) be the first derivative of 5 + f**2 + 7/3*f**3 + 1/4*f**4 - 9*f. What is n(-7)?
-23
Suppose h = 27*b - 26*b - 4, b = 3*h + 6. Let w(m) = 2*m - 3. Let s be w(6). Let q(r) = -b + s - 3 - 7 + r. Give q(8).
4
Let x be (11 + -13)/2 + (-4)/((-16)/(-36)). Let i(c) = -c**3 - 9*c**2 + 9*c - 5. What is i(x)?
5
Suppose -2*t + 2*v + 22 = 2, -2*t + v + 15 = 0. Suppose 43*c = 22*c + 61950. Let m(f) = 6*f - 4*f - 2949 + c - 3*f. Determine m(t).
-4
Let s(b) = -5*b. Suppose 2*m - 21 + 11 = 0. Suppose m*f - 3*y + 8 = -6*y, 0 = -5*y - 5. Calculate s(f).
5
Let t(k) = -15*k - 5. Let z(d) = 15*d + 6. Let h(o) = -7*t(o) - 6*z(o). Suppose -25 + 23 = 25*x + 23. What is h(x)?
-16
Let q(h) = h - 12. Suppose 8*z - 4*z - 68 = 0. Suppose -a = 5*y - z, -2*a - 11 = -4*y - 3. Let l be (-2 + a)*(-2)/(-6). Calculate q(l).
-12
Let x = 2 - 1. Suppose u + 2 = -x. Let o(z) be the first derivative of 3*z**2/2 - 4*z - 22589. Give o(u).
-13
Let s(i) be the first derivative of -i**3/3 - 11*i**2/2 - 27*i + 4152. Determine s(-7).
1
Let a be 464/(-20) - (-1)/5. Let c = a + 22. Let w(h) = 2*h**2 - h - 17970 + 17970. Give w(c).
3
Let a(v) = -3*v - 20. Suppose 140*u = -417 + 36 -